{"id":8012,"date":"2024-07-02T08:00:01","date_gmt":"2024-07-02T06:00:01","guid":{"rendered":"http:\/\/spvgg-goldkronach.com\/1946\/?page_id=8012"},"modified":"2024-07-02T17:51:58","modified_gmt":"2024-07-02T15:51:58","slug":"fc-fichtelgebirge","status":"publish","type":"page","link":"https:\/\/spvgg-goldkronach.com\/1946\/fc-fichtelgebirge\/","title":{"rendered":"FC Fichtelgebirge"},"content":{"rendered":"<p><strong><img loading=\"lazy\" decoding=\"async\" class=\"alignleft size-medium wp-image-8013\" src=\"https:\/\/spvgg-goldkronach.com\/1946\/wp-content\/uploads\/2024\/06\/FC-Fichtelgebirge-mit-Ball-Kopie-750x1000px-225x300.jpg\" alt=\"FC Fichtelgebirge Logo\" width=\"225\" height=\"300\" srcset=\"https:\/\/spvgg-goldkronach.com\/1946\/wp-content\/uploads\/2024\/06\/FC-Fichtelgebirge-mit-Ball-Kopie-750x1000px-225x300.jpg 225w, https:\/\/spvgg-goldkronach.com\/1946\/wp-content\/uploads\/2024\/06\/FC-Fichtelgebirge-mit-Ball-Kopie-750x1000px.jpg 750w\" sizes=\"auto, (max-width: 225px) 100vw, 225px\" \/>Die Fu\u00dfball-Abteilung der SpVgg Goldkronach geht ab der Saison 2024\/25 als FC Fichtelgebirge an den Start.<\/strong><\/p>\n<p>Gemeinsam mit unserem Nachbarverein ASV Nemmersdorf m\u00f6chten wir dem Fu\u00dfballsport in unserer Stadt auf eine neue, sichere Basis stellen und eine attraktive Adresse f\u00fcr Fu\u00dfballer jeden Alters und Anspruchs sein.<\/p>\n<p>Der gemeinsame Verein wurde <a href=\"https:\/\/spvgg-goldkronach.com\/1946\/2023\/10\/gemeinsamer-verein-fuer-goldkronachs-fussballer-fc-fichtelgebirge-gegruendet\/\" target=\"_blank\" rel=\"noopener\">am 29. September 2023 gegr\u00fcndet<\/a>, als Vereinsfarben wurden Rot und Blau gew\u00e4hlt.<\/p>\n<p>Der FC Fichtelgebirge nutzt die Infrastruktur seiner beiden Stammvereine und findet auf den Sportst\u00e4tten in der Peuntgasse und in Nemmersdorf beste Bedingungen vor. Die erste Mannschaft \u00fcbernimmt f\u00fcr die Saison 2024\/25 das Spielrecht der SpVgg Goldkronach in der Bezirksliga. Die zweite Mannschaft spielt in der A-Klasse, die dritte Mannschaft spielt in der B-Klasse.<\/p>\n<p>Dem neuen Verein geh\u00f6ren auch die E-, F- und G-Junioren an. Die \u00e4lteren Junioren spielen wie bisher in der JFG Fichtelgebirge.<\/p>\n<p><strong>Kontakte<\/strong><\/p>\n<p><img loading=\"lazy\" decoding=\"async\" class=\"aligncenter size-full wp-image-8040\" src=\"https:\/\/spvgg-goldkronach.com\/1946\/wp-content\/uploads\/2024\/07\/FCF-Verantwortliche-fuer-Homepage.jpg\" alt=\"\" width=\"736\" height=\"417\" srcset=\"https:\/\/spvgg-goldkronach.com\/1946\/wp-content\/uploads\/2024\/07\/FCF-Verantwortliche-fuer-Homepage.jpg 736w, https:\/\/spvgg-goldkronach.com\/1946\/wp-content\/uploads\/2024\/07\/FCF-Verantwortliche-fuer-Homepage-300x170.jpg 300w\" sizes=\"auto, (max-width: 736px) 100vw, 736px\" \/><\/p>\n<p><strong>Weitere Informationen<\/strong><\/p>\n<ul>\n<li><a href=\"https:\/\/spvgg-goldkronach.com\/1946\/wp-content\/uploads\/2024\/06\/FCF-Mitgliedsantrag.pdf\" target=\"_blank\" rel=\"noopener\">Mitgliedsantrag<\/a><\/li>\n<li><a href=\"https:\/\/www.instagram.com\/FC_Fichtelgebirge\/\" target=\"_blank\" rel=\"noopener\">FC Fichtelgebirge bei Instagram<\/a><\/li>\n<\/ul>\n<p><strong>Aktuelle Spiele<br \/>\n<\/strong><\/p>\n<p><script type='text\/javascript' src=\"https:\/\/widget-prod.bfv.de\/widget\/widgetresource\/widgetjs\"><\/script><\/p>\n<div id=\"bfv1719935414339\">Laden&#8230;<\/div>\n<p><script>\nBFVWidget.HTML5.zeigeVereinSpiele(\"02P3J09GN8000000VS5489B8VTQA6B18\", \"bfv1719935414339\", { height: \"700\", width: \"700\", selectedTab: BFVWidget.HTML5.vereinTabs.spiele, colorResults: \"#c60000\" , colorNav: \"rgb(255,255,255)\" , colorClubName : \"#c60000\" , backgroundNav: \"#c60000\"});\n<\/script><\/p>\n","protected":false},"excerpt":{"rendered":"<p>Die Fu\u00dfball-Abteilung der SpVgg Goldkronach geht ab der Saison 2024\/25 als FC Fichtelgebirge an den Start. Gemeinsam mit unserem Nachbarverein ASV Nemmersdorf m\u00f6chten wir dem Fu\u00dfballsport in unserer Stadt auf eine neue, sichere Basis stellen und eine attraktive Adresse f\u00fcr Fu\u00dfballer jeden Alters und Anspruchs sein. Der gemeinsame Verein wurde am 29. September 2023 gegr\u00fcndet, [&hellip;]<\/p>\n","protected":false},"author":1,"featured_media":0,"parent":0,"menu_order":0,"comment_status":"closed","ping_status":"closed","template":"","meta":{"footnotes":""},"class_list":["post-8012","page","type-page","status-publish","hentry"],"_links":{"self":[{"href":"https:\/\/spvgg-goldkronach.com\/1946\/wp-json\/wp\/v2\/pages\/8012","targetHints":{"allow":["GET"]}}],"collection":[{"href":"https:\/\/spvgg-goldkronach.com\/1946\/wp-json\/wp\/v2\/pages"}],"about":[{"href":"https:\/\/spvgg-goldkronach.com\/1946\/wp-json\/wp\/v2\/types\/page"}],"author":[{"embeddable":true,"href":"https:\/\/spvgg-goldkronach.com\/1946\/wp-json\/wp\/v2\/users\/1"}],"replies":[{"embeddable":true,"href":"https:\/\/spvgg-goldkronach.com\/1946\/wp-json\/wp\/v2\/comments?post=8012"}],"version-history":[{"count":12,"href":"https:\/\/spvgg-goldkronach.com\/1946\/wp-json\/wp\/v2\/pages\/8012\/revisions"}],"predecessor-version":[{"id":8042,"href":"https:\/\/spvgg-goldkronach.com\/1946\/wp-json\/wp\/v2\/pages\/8012\/revisions\/8042"}],"wp:attachment":[{"href":"https:\/\/spvgg-goldkronach.com\/1946\/wp-json\/wp\/v2\/media?parent=8012"}],"curies":[{"name":"wp","href":"https:\/\/api.w.org\/{rel}","templated":true}]}}

<p><strong><img loading="lazy" decoding="async" class="alignleft size-medium wp-image-8013" src="https://spvgg-goldkronach.com/1946/wp-content/uploads/2024/06/FC-Fichtelgebirge-mit-Ball-Kopie-750x1000px-225x300.jpg" alt="FC Fichtelgebirge Logo" width="225" height="300" srcset="https://spvgg-goldkronach.com/1946/wp-content/uploads/2024/06/FC-Fichtelgebirge-mit-Ball-Kopie-750x1000px-225x300.jpg 225w, https://spvgg-goldkronach.com/1946/wp-content/uploads/2024/06/FC-Fichtelgebirge-mit-Ball-Kopie-750x1000px.jpg 750w" sizes="auto, (max-width: 225px) 100vw, 225px" />Die Fußball-Abteilung der SpVgg Goldkronach geht ab der Saison 2024/25 als FC Fichtelgebirge an den Start.</strong></p>
<p>Gemeinsam mit unserem Nachbarverein ASV Nemmersdorf möchten wir dem Fußballsport in unserer Stadt auf eine neue, sichere Basis stellen und eine attraktive Adresse für Fußballer jeden Alters und Anspruchs sein.</p>
<p>Der gemeinsame Verein wurde <a href="https://spvgg-goldkronach.com/1946/2023/10/gemeinsamer-verein-fuer-goldkronachs-fussballer-fc-fichtelgebirge-gegruendet/" target="_blank" rel="noopener">am 29. September 2023 gegründet</a>, als Vereinsfarben wurden Rot und Blau gewählt.</p>
<p>Der FC Fichtelgebirge nutzt die Infrastruktur seiner beiden Stammvereine und findet auf den Sportstätten in der Peuntgasse und in Nemmersdorf beste Bedingungen vor. Die erste Mannschaft übernimmt für die Saison 2024/25 das Spielrecht der SpVgg Goldkronach in der Bezirksliga. Die zweite Mannschaft spielt in der A-Klasse, die dritte Mannschaft spielt in der B-Klasse.</p>
<p>Dem neuen Verein gehören auch die E-, F- und G-Junioren an. Die älteren Junioren spielen wie bisher in der JFG Fichtelgebirge.</p>
<p><strong>Kontakte</strong></p>
<p><img loading="lazy" decoding="async" class="aligncenter size-full wp-image-8040" src="https://spvgg-goldkronach.com/1946/wp-content/uploads/2024/07/FCF-Verantwortliche-fuer-Homepage.jpg" alt="" width="736" height="417" srcset="https://spvgg-goldkronach.com/1946/wp-content/uploads/2024/07/FCF-Verantwortliche-fuer-Homepage.jpg 736w, https://spvgg-goldkronach.com/1946/wp-content/uploads/2024/07/FCF-Verantwortliche-fuer-Homepage-300x170.jpg 300w" sizes="auto, (max-width: 736px) 100vw, 736px" /></p>
<p><strong>Weitere Informationen</strong></p>
<ul>
<li><a href="https://spvgg-goldkronach.com/1946/wp-content/uploads/2024/06/FCF-Mitgliedsantrag.pdf" target="_blank" rel="noopener">Mitgliedsantrag</a></li>
<li><a href="https://www.instagram.com/FC_Fichtelgebirge/" target="_blank" rel="noopener">FC Fichtelgebirge bei Instagram</a></li>
</ul>
<p><strong>Aktuelle Spiele<br />
</strong></p>
<p><script type='text/javascript' src="https://widget-prod.bfv.de/widget/widgetresource/widgetjs"></script></p>
<div id="bfv1719935414339">Laden&#8230;</div>
<p><script>
BFVWidget.HTML5.zeigeVereinSpiele("02P3J09GN8000000VS5489B8VTQA6B18", "bfv1719935414339", { height: "700", width: "700", selectedTab: BFVWidget.HTML5.vereinTabs.spiele, colorResults: "#c60000" , colorNav: "rgb(255,255,255)" , colorClubName : "#c60000" , backgroundNav: "#c60000"});
</script></p>

<p>Die Fußball-Abteilung der SpVgg Goldkronach geht ab der Saison 2024/25 als FC Fichtelgebirge an den Start. Gemeinsam mit unserem Nachbarverein ASV Nemmersdorf möchten wir dem Fußballsport in unserer Stadt auf eine neue, sichere Basis stellen und eine attraktive Adresse für Fußballer jeden Alters und Anspruchs sein. Der gemeinsame Verein wurde am 29. September 2023 gegründet, [&hellip;]</p>
