{"id":3563,"date":"2015-03-12T20:47:46","date_gmt":"2015-03-12T19:47:46","guid":{"rendered":"http:\/\/spvgg-goldkronach.com\/1946\/?page_id=3563"},"modified":"2026-01-06T14:10:52","modified_gmt":"2026-01-06T13:10:52","slug":"karate-training-und-termine","status":"publish","type":"page","link":"https:\/\/spvgg-goldkronach.com\/1946\/karate-training-und-termine\/","title":{"rendered":"Training und Termine"},"content":{"rendered":"<div>\n<div id=\"attachment_5078\" style=\"width: 310px\" class=\"wp-caption alignright\"><a href=\"https:\/\/spvgg-goldkronach.com\/1946\/karate-training-und-termine\/img_3036\/\"><img loading=\"lazy\" decoding=\"async\" aria-describedby=\"caption-attachment-5078\" class=\"wp-image-5078 size-medium\" src=\"https:\/\/spvgg-goldkronach.com\/1946\/wp-content\/uploads\/2015\/03\/IMG_3036-300x200.jpg\" width=\"300\" height=\"200\" srcset=\"https:\/\/spvgg-goldkronach.com\/1946\/wp-content\/uploads\/2015\/03\/IMG_3036-300x200.jpg 300w, https:\/\/spvgg-goldkronach.com\/1946\/wp-content\/uploads\/2015\/03\/IMG_3036.jpg 448w\" sizes=\"auto, (max-width: 300px) 100vw, 300px\" \/><\/a><p id=\"caption-attachment-5078\" class=\"wp-caption-text\">Unsere Karateka als &#8222;Fichtelgebirgstiger&#8220; beim Fun-Run: Von links Sabrina Schr\u00f6del, Thorsten Kreuzer, Georg Berger, Reiner Hieckmann, Ralf Meisel. Vorne: Michael Rupprecht.<\/p><\/div>\n<p><strong>VHS-Kurs &#8222;Karate zum Kennenlernen&#8220; f\u00fcr alle von 10 bis 80 Jahre<\/strong><\/p>\n<p>Im Kursprogramm der Volkshochschule Goldkronach bieten wir regelm\u00e4\u00dfig diesen Einf\u00fchrungskurs in das traditionelle Shotokan-Karate an. Gegen eine geringe Geb\u00fchr k\u00f6nnen Sie an 10 Abenden in die Welt unseres Sports hereinschnuppern.<\/p>\n<p>Aktuelle Termine und Informationen zur Anmeldung finden Sie bei der VHS Goldkronach unter <a href=\"https:\/\/www.goldkronach.de\/vhs\" target=\"_blank\" rel=\"noopener\">goldkronach.de\/vhs<\/a>.<\/p>\n<\/div>\n<p><strong>Trainingszeiten ab 2026<\/strong><\/p>\n<ul>\n<li>Montags, 18:00 \u2013 20:00 Uhr ab 7. Kyu<\/li>\n<li>Mittwoch: 18:00 \u2013 20:00 Uhr f\u00fcr alle<\/li>\n<li>Freitag: 18:45 \u2013 20:00 Uhr f\u00fcr alle<\/li>\n<li>Sondereinheiten werden am Training bekannt gegeben.<\/li>\n<\/ul>\n<p><strong>Kontaktdaten <\/strong>der Karateabteilung <a href=\"https:\/\/spvgg-goldkronach.com\/1946\/karate-unsere-trainer\/\">finden Sie bei unseren Trainern<\/a>.<\/p>\n","protected":false},"excerpt":{"rendered":"<p>VHS-Kurs &#8222;Karate zum Kennenlernen&#8220; f\u00fcr alle von 10 bis 80 Jahre Im Kursprogramm der Volkshochschule Goldkronach bieten wir regelm\u00e4\u00dfig diesen Einf\u00fchrungskurs in das traditionelle Shotokan-Karate an. Gegen eine geringe Geb\u00fchr k\u00f6nnen Sie an 10 Abenden in die Welt unseres Sports hereinschnuppern. Aktuelle Termine und Informationen zur Anmeldung finden Sie bei der VHS Goldkronach unter goldkronach.de\/vhs. [&hellip;]<\/p>\n","protected":false},"author":1,"featured_media":0,"parent":0,"menu_order":0,"comment_status":"open","ping_status":"closed","template":"","meta":{"footnotes":""},"class_list":["post-3563","page","type-page","status-publish","hentry"],"_links":{"self":[{"href":"https:\/\/spvgg-goldkronach.com\/1946\/wp-json\/wp\/v2\/pages\/3563","targetHints":{"allow":["GET"]}}],"collection":[{"href":"https:\/\/spvgg-goldkronach.com\/1946\/wp-json\/wp\/v2\/pages"}],"about":[{"href":"https:\/\/spvgg-goldkronach.com\/1946\/wp-json\/wp\/v2\/types\/page"}],"author":[{"embeddable":true,"href":"https:\/\/spvgg-goldkronach.com\/1946\/wp-json\/wp\/v2\/users\/1"}],"replies":[{"embeddable":true,"href":"https:\/\/spvgg-goldkronach.com\/1946\/wp-json\/wp\/v2\/comments?post=3563"}],"version-history":[{"count":19,"href":"https:\/\/spvgg-goldkronach.com\/1946\/wp-json\/wp\/v2\/pages\/3563\/revisions"}],"predecessor-version":[{"id":8211,"href":"https:\/\/spvgg-goldkronach.com\/1946\/wp-json\/wp\/v2\/pages\/3563\/revisions\/8211"}],"wp:attachment":[{"href":"https:\/\/spvgg-goldkronach.com\/1946\/wp-json\/wp\/v2\/media?parent=3563"}],"curies":[{"name":"wp","href":"https:\/\/api.w.org\/{rel}","templated":true}]}}

<div>
<div id="attachment_5078" style="width: 310px" class="wp-caption alignright"><a href="https://spvgg-goldkronach.com/1946/karate-training-und-termine/img_3036/"><img loading="lazy" decoding="async" aria-describedby="caption-attachment-5078" class="wp-image-5078 size-medium" src="https://spvgg-goldkronach.com/1946/wp-content/uploads/2015/03/IMG_3036-300x200.jpg" width="300" height="200" srcset="https://spvgg-goldkronach.com/1946/wp-content/uploads/2015/03/IMG_3036-300x200.jpg 300w, https://spvgg-goldkronach.com/1946/wp-content/uploads/2015/03/IMG_3036.jpg 448w" sizes="auto, (max-width: 300px) 100vw, 300px" /></a><p id="caption-attachment-5078" class="wp-caption-text">Unsere Karateka als &#8222;Fichtelgebirgstiger&#8220; beim Fun-Run: Von links Sabrina Schrödel, Thorsten Kreuzer, Georg Berger, Reiner Hieckmann, Ralf Meisel. Vorne: Michael Rupprecht.</p></div>
<p><strong>VHS-Kurs &#8222;Karate zum Kennenlernen&#8220; für alle von 10 bis 80 Jahre</strong></p>
<p>Im Kursprogramm der Volkshochschule Goldkronach bieten wir regelmäßig diesen Einführungskurs in das traditionelle Shotokan-Karate an. Gegen eine geringe Gebühr können Sie an 10 Abenden in die Welt unseres Sports hereinschnuppern.</p>
<p>Aktuelle Termine und Informationen zur Anmeldung finden Sie bei der VHS Goldkronach unter <a href="https://www.goldkronach.de/vhs" target="_blank" rel="noopener">goldkronach.de/vhs</a>.</p>
</div>
<p><strong>Trainingszeiten ab 2026</strong></p>
<ul>
<li>Montags, 18:00 – 20:00 Uhr ab 7. Kyu</li>
<li>Mittwoch: 18:00 – 20:00 Uhr für alle</li>
<li>Freitag: 18:45 – 20:00 Uhr für alle</li>
<li>Sondereinheiten werden am Training bekannt gegeben.</li>
</ul>
<p><strong>Kontaktdaten </strong>der Karateabteilung <a href="https://spvgg-goldkronach.com/1946/karate-unsere-trainer/">finden Sie bei unseren Trainern</a>.</p>

<p>VHS-Kurs &#8222;Karate zum Kennenlernen&#8220; für alle von 10 bis 80 Jahre Im Kursprogramm der Volkshochschule Goldkronach bieten wir regelmäßig diesen Einführungskurs in das traditionelle Shotokan-Karate an. Gegen eine geringe Gebühr können Sie an 10 Abenden in die Welt unseres Sports hereinschnuppern. Aktuelle Termine und Informationen zur Anmeldung finden Sie bei der VHS Goldkronach unter goldkronach.de/vhs. [&hellip;]</p>
