{"id":118,"date":"2011-09-29T13:57:28","date_gmt":"2011-09-29T13:57:28","guid":{"rendered":"http:\/\/spvgg-goldkronach.com\/1946\/?page_id=118"},"modified":"2022-04-22T18:15:20","modified_gmt":"2022-04-22T16:15:20","slug":"partner","status":"publish","type":"page","link":"https:\/\/spvgg-goldkronach.com\/1946\/partner\/","title":{"rendered":"Partner"},"content":{"rendered":"<p>Die SpVgg Goldkronach bedankt sich herzlich bei folgenden Firmen, die uns in der laufenden Saison unterst\u00fctzen:<\/p>\n<p><strong>Partner Trikotwerbung (Senioren)<br \/>\n<\/strong><\/p>\n<ul>\n<li>Reifen-Service Ruppel, Bayreuth<\/li>\n<li>Fritsche Ger\u00fcstbau, Speichersdorf<\/li>\n<\/ul>\n<div id=\"attachment_5035\" style=\"width: 310px\" class=\"wp-caption alignright\"><img loading=\"lazy\" decoding=\"async\" aria-describedby=\"caption-attachment-5035\" class=\"wp-image-5035 size-medium\" src=\"https:\/\/spvgg-goldkronach.com\/1946\/wp-content\/uploads\/2011\/09\/partner_bande-1-300x225.jpg\" width=\"300\" height=\"225\" srcset=\"https:\/\/spvgg-goldkronach.com\/1946\/wp-content\/uploads\/2011\/09\/partner_bande-1-300x225.jpg 300w, https:\/\/spvgg-goldkronach.com\/1946\/wp-content\/uploads\/2011\/09\/partner_bande-1-100x75.jpg 100w, https:\/\/spvgg-goldkronach.com\/1946\/wp-content\/uploads\/2011\/09\/partner_bande-1-160x120.jpg 160w, https:\/\/spvgg-goldkronach.com\/1946\/wp-content\/uploads\/2011\/09\/partner_bande-1-280x210.jpg 280w, https:\/\/spvgg-goldkronach.com\/1946\/wp-content\/uploads\/2011\/09\/partner_bande-1-400x300.jpg 400w, https:\/\/spvgg-goldkronach.com\/1946\/wp-content\/uploads\/2011\/09\/partner_bande-1.jpg 600w\" sizes=\"auto, (max-width: 300px) 100vw, 300px\" \/><p id=\"caption-attachment-5035\" class=\"wp-caption-text\">Nah dran am Spielfeld: Die Bandenwerbung<\/p><\/div>\n<p><strong>Partner Bandenwerbung<\/strong><\/p>\n<ul>\n<li>Flaschnerei Grieshammer, Goldkronach (Anzeigetafel)<\/li>\n<li>Bambinokids, Goldkronach (Fangnetz)<\/li>\n<li>Beck&#8217;s Backstadl, Goldkronach<\/li>\n<li>PePa Bikes, Bayreuth<\/li>\n<li>Objekt Service Roland Blechschmidt, Goldkronach<\/li>\n<li>Fritsche Ger\u00fcstbau, Speichersdorf<\/li>\n<li>Versicherungsb\u00fcro Hans und Stefan W\u00f6lfel, Bayreuth<\/li>\n<li>Market Werbung, Bad Berneck<\/li>\n<li>Maisel&#8217;s Weisse, Bayreuth<\/li>\n<li>H. S. Kopiertechnik, Goldkronach<\/li>\n<li>Baruthia Arbeitsschutz, Bayreuth<\/li>\n<li>Sparkasse Bayreuth<\/li>\n<li>Continentale-Generalagentur Peter Seibt, Bad Berneck<\/li>\n<li>Pizzeria Zum Olli, Goldkronach<\/li>\n<li>Installateur Frank Maisel, Goldkronach<\/li>\n<li>LTB Lufttechnik Bayreuth, Goldkronach<\/li>\n<li>GSB Security, Bayreuth<\/li>\n<li>Tr\u00f6ger Isolierungen, Wunsiedel<\/li>\n<\/ul>\n<div id=\"attachment_5036\" style=\"width: 310px\" class=\"wp-caption alignright\"><img loading=\"lazy\" decoding=\"async\" aria-describedby=\"caption-attachment-5036\" class=\"wp-image-5036 size-medium\" src=\"https:\/\/spvgg-goldkronach.com\/1946\/wp-content\/uploads\/2011\/09\/partner_hefdla-1-300x225.jpg\" width=\"300\" height=\"225\" srcset=\"https:\/\/spvgg-goldkronach.com\/1946\/wp-content\/uploads\/2011\/09\/partner_hefdla-1-300x225.jpg 300w, https:\/\/spvgg-goldkronach.com\/1946\/wp-content\/uploads\/2011\/09\/partner_hefdla-1-100x75.jpg 100w, https:\/\/spvgg-goldkronach.com\/1946\/wp-content\/uploads\/2011\/09\/partner_hefdla-1-160x120.jpg 160w, https:\/\/spvgg-goldkronach.com\/1946\/wp-content\/uploads\/2011\/09\/partner_hefdla-1-280x210.jpg 280w, https:\/\/spvgg-goldkronach.com\/1946\/wp-content\/uploads\/2011\/09\/partner_hefdla-1-400x300.jpg 400w, https:\/\/spvgg-goldkronach.com\/1946\/wp-content\/uploads\/2011\/09\/partner_hefdla-1.jpg 600w\" sizes=\"auto, (max-width: 300px) 100vw, 300px\" \/><p id=\"caption-attachment-5036\" class=\"wp-caption-text\">Das Stadionheft &#8222;Im Zeichen der Krone&#8220; ist \u00e4u\u00dferst beliebt bei den Zuschauern<\/p><\/div>\n<p><strong>Partner Stadionzeitung<\/strong><\/p>\n<ul>\n<li>Lebensmittel Grieshammer, Goldkronach<\/li>\n<li>H. S. Kopiertechnik, Goldkronach<\/li>\n<li>Brennerei Rabenstein, Goldkronach<\/li>\n<li>Bambinokids, Goldkronach<\/li>\n<li>Versicherungsb\u00fcro Hans und Stefan W\u00f6lfel, Bayreuth<\/li>\n<li>Objekt Service Roland Blechschmidt, Goldkronach<\/li>\n<li>Markgrafen-Getr\u00e4nkemarkt Diana Chlodwig, Goldkronach<\/li>\n<li>Textilreinigung Wild, Bayreuth<\/li>\n<li>Reifenservice Ruppel, Bayreuth<\/li>\n<li>HADO Sport, Goldkronach<\/li>\n<li>Raumausstatter Weigel, Goldkronach<\/li>\n<li>Continentale-Generalagentur Peter Seibt, Speichersdorf<\/li>\n<li>B\u00e4ckerei Karl-Heinz Beck, Goldkronach<\/li>\n<li>Friseur Huber, Goldkronach<\/li>\n<li>Zapf Kfz-Werkst\u00e4tte, Dressendorf<\/li>\n<li>G\u00e4rtnerei \u00dcbelhack, Goldkronach<\/li>\n<li>Flaschnerei Markus Grieshammer, Goldkronach<\/li>\n<li>Baumschule Vogel, Goldkronach<\/li>\n<\/ul>\n<div id=\"attachment_5037\" style=\"width: 310px\" class=\"wp-caption alignright\"><img loading=\"lazy\" decoding=\"async\" aria-describedby=\"caption-attachment-5037\" class=\"wp-image-5037 size-medium\" src=\"https:\/\/spvgg-goldkronach.com\/1946\/wp-content\/uploads\/2011\/09\/partner_plakat-1-300x225.jpg\" width=\"300\" height=\"225\" srcset=\"https:\/\/spvgg-goldkronach.com\/1946\/wp-content\/uploads\/2011\/09\/partner_plakat-1-300x225.jpg 300w, https:\/\/spvgg-goldkronach.com\/1946\/wp-content\/uploads\/2011\/09\/partner_plakat-1-100x75.jpg 100w, https:\/\/spvgg-goldkronach.com\/1946\/wp-content\/uploads\/2011\/09\/partner_plakat-1-160x120.jpg 160w, https:\/\/spvgg-goldkronach.com\/1946\/wp-content\/uploads\/2011\/09\/partner_plakat-1-280x210.jpg 280w, https:\/\/spvgg-goldkronach.com\/1946\/wp-content\/uploads\/2011\/09\/partner_plakat-1-400x300.jpg 400w, https:\/\/spvgg-goldkronach.com\/1946\/wp-content\/uploads\/2011\/09\/partner_plakat-1.jpg 600w\" sizes=\"auto, (max-width: 300px) 100vw, 300px\" \/><p id=\"caption-attachment-5037\" class=\"wp-caption-text\">Gro\u00dfe Plakate k\u00fcndigen im Stadtgebiet das n\u00e4chste Heimspiel an<\/p><\/div>\n<p><strong>Partner Spielank\u00fcndigungsplakat<\/strong><\/p>\n<ul>\n<li>Bestattungsunternehmen Dittmar, Goldkronach<\/li>\n<li>Market Werbung, Bindlach<\/li>\n<li>Beck&#8217;s Backstadl, Goldkronach<\/li>\n<li>HF-Werbemittel, Bad Berneck<\/li>\n<li>ABC Autoservice, Goldkronach<\/li>\n<li>Objekt Service Roland Blechschmidt, Goldkronach<\/li>\n<li>Flaschnerei Gerd Maisel, Bindlach<\/li>\n<li>Continentale-Generalagentur Peter Seibt, Goldkronach<\/li>\n<\/ul>\n<p><strong>Sie m\u00f6chten den Goldkronacher Sport f\u00f6rdern?<\/strong><\/p>\n<p>Mit \u00fcber 400 Mitgliedern ist die SpVgg einer der gro\u00dfen Vereine in der Stadt. Eine ambitionierte Mannschaft mit vielen jungen Talenten, die aus der Jugendarbeit der SpVgg hervorgingen, ist das Aush\u00e4ngeschild des Vereins. Zu den Heimspielen findet regelm\u00e4\u00dfig eine dreistellige Anzahl von Zuschauern den Weg zum Sportplatz \u2013 und sieht Ihre Werbung in unserer Stadionzeitung, auf der Spielfeldbande und den Trikots.<\/p>\n<p>Vor dem Spiel h\u00e4ngen im Stadtgebiet Ank\u00fcndigungsplakate aus. Im Goldkronacher Mitteilungsblatt ver\u00f6ffentlichen wir Bildberichte \u00fcber Spenden an die SpVgg. Wir verf\u00fcgen \u00fcber eine gut besuchte Homepage, auf der regelm\u00e4\u00dfig und aktuell berichtet wird \u2013 genau wie auf unserem Facebook-Auftritt, mit dem wir Ihre Firma gerne vernetzen! Auch unsere erfolgreichen Jugendlichen oder die Abteilungen Karate und Turnen bieten M\u00f6glichkeiten f\u00fcr Ihre Werbung.<\/p>\n<p>Sie m\u00f6chten der SpVgg also Gutes tun? Dann bieten sich viele M\u00f6glichkeiten. Sie k\u00f6nnen zum Beispiel auch eine Jugendmannschaft f\u00f6rdern, eine Patenschaft f\u00fcr einen Teil unseres Sportgel\u00e4ndes \u00fcbernehmen oder unser Internet-Partner werden. Sprechen Sie uns an \u2013 wenden Sie sich an die <a href=\"https:\/\/spvgg-goldkronach.com\/1946\/vereinsfuhrung\/\" target=\"_blank\" rel=\"noopener noreferrer\">Vorstandschaft <\/a>oder direkt an Heike Hautsch (Tel. 0 92 73 \/ 2 23).<\/p>\n","protected":false},"excerpt":{"rendered":"<p>Die SpVgg Goldkronach bedankt sich herzlich bei folgenden Firmen, die uns in der laufenden Saison unterst\u00fctzen: Partner Trikotwerbung (Senioren) Reifen-Service Ruppel, Bayreuth Fritsche Ger\u00fcstbau, Speichersdorf Partner Bandenwerbung Flaschnerei Grieshammer, Goldkronach (Anzeigetafel) Bambinokids, Goldkronach (Fangnetz) Beck&#8217;s Backstadl, Goldkronach PePa Bikes, Bayreuth Objekt Service Roland Blechschmidt, Goldkronach Fritsche Ger\u00fcstbau, Speichersdorf Versicherungsb\u00fcro Hans und Stefan W\u00f6lfel, Bayreuth Market [&hellip;]<\/p>\n","protected":false},"author":1,"featured_media":0,"parent":0,"menu_order":0,"comment_status":"closed","ping_status":"closed","template":"","meta":{"footnotes":""},"class_list":["post-118","page","type-page","status-publish","hentry"],"_links":{"self":[{"href":"https:\/\/spvgg-goldkronach.com\/1946\/wp-json\/wp\/v2\/pages\/118","targetHints":{"allow":["GET"]}}],"collection":[{"href":"https:\/\/spvgg-goldkronach.com\/1946\/wp-json\/wp\/v2\/pages"}],"about":[{"href":"https:\/\/spvgg-goldkronach.com\/1946\/wp-json\/wp\/v2\/types\/page"}],"author":[{"embeddable":true,"href":"https:\/\/spvgg-goldkronach.com\/1946\/wp-json\/wp\/v2\/users\/1"}],"replies":[{"embeddable":true,"href":"https:\/\/spvgg-goldkronach.com\/1946\/wp-json\/wp\/v2\/comments?post=118"}],"version-history":[{"count":45,"href":"https:\/\/spvgg-goldkronach.com\/1946\/wp-json\/wp\/v2\/pages\/118\/revisions"}],"predecessor-version":[{"id":7121,"href":"https:\/\/spvgg-goldkronach.com\/1946\/wp-json\/wp\/v2\/pages\/118\/revisions\/7121"}],"wp:attachment":[{"href":"https:\/\/spvgg-goldkronach.com\/1946\/wp-json\/wp\/v2\/media?parent=118"}],"curies":[{"name":"wp","href":"https:\/\/api.w.org\/{rel}","templated":true}]}}