{"id":115,"date":"2011-09-29T13:56:57","date_gmt":"2011-09-29T13:56:57","guid":{"rendered":"http:\/\/spvgg-goldkronach.com\/1946\/?page_id=115"},"modified":"2024-06-05T11:59:07","modified_gmt":"2024-06-05T09:59:07","slug":"geschichte","status":"publish","type":"page","link":"https:\/\/spvgg-goldkronach.com\/1946\/geschichte\/","title":{"rendered":"Geschichte"},"content":{"rendered":"<div id=\"attachment_4951\" style=\"width: 1034px\" class=\"wp-caption aligncenter\"><img loading=\"lazy\" decoding=\"async\" aria-describedby=\"caption-attachment-4951\" class=\"size-large wp-image-4951\" src=\"https:\/\/spvgg-goldkronach.com\/1946\/wp-content\/uploads\/2011\/09\/2Mai-1954-1500px-1024x408.jpg\" alt=\"\" width=\"1024\" height=\"408\" srcset=\"https:\/\/spvgg-goldkronach.com\/1946\/wp-content\/uploads\/2011\/09\/2Mai-1954-1500px-1024x408.jpg 1024w, https:\/\/spvgg-goldkronach.com\/1946\/wp-content\/uploads\/2011\/09\/2Mai-1954-1500px-300x120.jpg 300w, https:\/\/spvgg-goldkronach.com\/1946\/wp-content\/uploads\/2011\/09\/2Mai-1954-1500px-768x306.jpg 768w, https:\/\/spvgg-goldkronach.com\/1946\/wp-content\/uploads\/2011\/09\/2Mai-1954-1500px.jpg 1500w\" sizes=\"auto, (max-width: 1024px) 100vw, 1024px\" \/><p id=\"caption-attachment-4951\" class=\"wp-caption-text\">Die erste Mannschaft am 2. Mai 1954. Von links: Richard St\u00f6ber (Spielleiter), Ottfried Heinrich, Edi Kierzkowski, Gerhard Schr\u00f6ll, Richard M\u00f6bius, Bernhard Will, Edmund Neu\u00df, Adam Wein, Stefan Wagner, Fred Murmann, Gerhard Schmidt, Helmut Wolfsh\u00f6fer, Fritz B\u00e4r (verletzt).<\/p><\/div>\n<p>Ende des 19. Jahrhunderts hielt der Fu\u00dfball in Kontinentaleuropa Einzug, der Arbeitersport erfreute sich gro\u00dfen Zuspruchs. Nach Ende des Ersten Weltkriegs kam es auch in Goldkronach zur Gr\u00fcndung des <span style=\"color: #800000;\"><strong><em>Arbeiter-Turn- und Sportvereins Vorw\u00e4rts Goldkronach<\/em><\/strong><\/span>. Die Spielvereinigung sieht sich heute in der Tradition dieses ersten Zusammenschlusses aktiver Sportler in Goldkronach.<\/p>\n<div id=\"attachment_4479\" style=\"width: 225px\" class=\"wp-caption alignleft\"><img loading=\"lazy\" decoding=\"async\" aria-describedby=\"caption-attachment-4479\" class=\"wp-image-4479 size-medium\" src=\"https:\/\/spvgg-goldkronach.com\/1946\/wp-content\/uploads\/2016\/04\/1946-03-08_Erlaubnis_der_Milit\u00e4rregierung_700px-215x300.jpg\" alt=\"Schreiben der amerikanischen Milit\u00e4radministration vom 8. 3. 1946\" width=\"215\" height=\"300\" srcset=\"https:\/\/spvgg-goldkronach.com\/1946\/wp-content\/uploads\/2016\/04\/1946-03-08_Erlaubnis_der_Milit\u00e4rregierung_700px-215x300.jpg 215w, https:\/\/spvgg-goldkronach.com\/1946\/wp-content\/uploads\/2016\/04\/1946-03-08_Erlaubnis_der_Milit\u00e4rregierung_700px.jpg 700w\" sizes=\"auto, (max-width: 215px) 100vw, 215px\" \/><p id=\"caption-attachment-4479\" class=\"wp-caption-text\">Die Erlaubnis der amerikanischen Milit\u00e4radministration vom 8. M\u00e4rz 1946.<\/p><\/div>\n<p><strong>Spiegel gesellschaftlicher Entwicklungen<\/strong><\/p>\n<p>Auch in Goldkronach ist die Geschichte des Fu\u00dfballs immer ein Spiegelbild gesellschaftlicher und politischer Entwicklungen geblieben. In den 1920er Jahren polarisierten der Arbeitersportverein Vorw\u00e4rts und der b\u00fcrgerliche <span style=\"color: #800000;\"><em><strong>Fu\u00dfball-Club Goldkronach<\/strong><\/em><\/span> die Sportbegeisterten. F\u00fcr den so organisierten Sport bedeutete die faschistische Gleichschaltungspolitik das Ende. Aus Auflistungen, die bei der Wiedergr\u00fcndung nach Kriegsende bei der Milit\u00e4rregierung vorgelegt werden mussten, geht jedoch auch hervor, dass sich in den Reihen der Goldkronacher Fu\u00dfballer Mitglieder von NS-Organisationen fanden. Wie die sportlichen Erfolge ist auch dieses Kapitel Teil der Geschichte unseres Vereins, der sich heute mit allem Nachdruck gegen menschenfeindliches Gedankengut wendet.<\/p>\n<p>Nach dem Zweiten Weltkrieg durften sich die Sportbegeisterten wieder selbst organisieren:\u00a0 58 B\u00fcrger erweckten am 17. M\u00e4rz 1946 den <span style=\"color: #800000;\"><em><strong>Gesang- und Sportverein Vorw\u00e4rts Goldkronach<\/strong><\/em><\/span> zu neuem Leben. Im Vereinsarchiv befindet sich noch heute die Genehmigung der amerikanischen Milit\u00e4radministration f\u00fcr die \u201cfoundation of Sports-Club Goldkronach\u201d. In der Tradition des ersten Fu\u00dfballvereins der Stadt feierte der SV Vorw\u00e4rts schnell den Aufstieg in die erste Spielklasse des Kreises. Zahlreiche Abteilungen betrieben die unterschiedlichsten Sportarten, der <span style=\"color: #800000;\"><em><strong>Sportverein Brandholz<\/strong><\/em><\/span> wurde in die Reihen der Goldkronacher integriert, schlie\u00dflich folgte die \u00c4nderung des Vereinsnamens: Die <em><span style=\"color: #800000;\"><strong>SpVgg Goldkronach<\/strong><\/span><\/em> war geboren.<\/p>\n<div id=\"attachment_1942\" style=\"width: 310px\" class=\"wp-caption alignright\"><img loading=\"lazy\" decoding=\"async\" aria-describedby=\"caption-attachment-1942\" class=\"size-full wp-image-1942\" title=\"Tabelle der 2. Amateurliga 1960\/61\" src=\"https:\/\/spvgg-goldkronach.com\/1946\/wp-content\/uploads\/2013\/03\/web_tabelle1960.jpg\" alt=\"Tabelle der 2. Amateurliga 1960\/61\" width=\"300\" height=\"200\" \/><p id=\"caption-attachment-1942\" class=\"wp-caption-text\">Tabelle der 2. Amateurliga 1960\/61 aus der &#8222;Sport-Vorschau&#8220; zum Spiel FC Bayern Hof &#8211; SV Waldhof Mannheim (11. September 1960).<\/p><\/div>\n<p><strong>Erfolgreich und engagiert<\/strong><\/p>\n<p>Der unvergessene H\u00f6hepunkt der Fu\u00dfball-Historie bleibt der Aufstieg in die damals viertklassige<span style=\"color: #800000;\"><strong><em> Zweite Amateurliga<\/em><\/strong><\/span> im Jahr 1960. Nur gro\u00dfe Namen wie SpVgg und VfB Bayreuth oder ATS Kulmbach vertraten den Spielkreis zu jener Zeit auf noch h\u00f6herer Ebene. Seitdem brachten es die Gronicher nicht mehr zu solchen Ehren im h\u00f6herklassigen Amateurfu\u00dfball. Das allerdings schm\u00e4lert die Erfolge der j\u00fcngsten Zeit kaum. Mit einer zuletzt wieder steigenden Mitgliederzahl von weit \u00fcber 500, einer nahezu abgeschlossenen wirtschaftlichen Gesundung, der engagierten Jugendarbeit, den aktiven Abteilungen Karate und Turnen, dem schmucken Vereinsgel\u00e4nde und jungen, ehrgeizigen Fu\u00dfball-Mannschaften sorgte die Spielvereinigung zuletzt wieder f\u00fcr ausnehmend positive Schlagzeilen.<\/p>\n<p>Neben Fu\u00dfballern, Karateka und Turnern bereicherten S\u00e4nger, \u00e4u\u00dferst erfolgreiche Ringer, Skil\u00e4ufer, Schach-, Tennis- und Tischtennisspieler das bis heute lebendige Vereinsleben. Wie die Dokumente aus der ereignisreichen Clubhistorie belegen, betrieb man einst sogar den Bau einer Skisprungschanze. Nach beinahe einem Jahrhundert \u00fcberlieferter Sportgeschichte in Goldkronach ist die Spielvereinigung heute der gr\u00f6\u00dfte Verein der Stadt. Mit ihrer Beteiligung an der <span style=\"color: #800000;\"><strong><em>JFG Fichtelgebirge<\/em><\/strong><\/span> gehen die \u201eGronicher\u201d seit 2005 neue Wege, um ihre hervorragende Jugendarbeit weiterzuf\u00fchren \u2212 und damit die Zukunft des Fu\u00dfballsports in der Goldbergbaustadt zu sichern. <strong><em><span style=\"color: #800000;\">Vorw\u00e4rts Goldkronach<\/span><\/em><\/strong>!<\/p>\n<p><strong>Die gr\u00f6\u00dften Erfolge der Fu\u00dfballer in Zahlen<\/strong><\/p>\n<ul>\n<li>Aufstieg in die damals viertklassige <em>Zweite Amateurliga<\/em> 1960<\/li>\n<li>Aufstieg in die <em>Bezirksliga<\/em> 2023<\/li>\n<li>Aufstieg in die <em>Kreisliga<\/em> 1946, 1971, 1977 und 2022<\/li>\n<li>Aufstieg in die <em>Kreisklasse<\/em> 1986, 1988, 1995, 2010 und 2015<\/li>\n<li>Aufstieg der Reserve in die <em>A-Klasse<\/em> 2013<\/li>\n<li>u. a. Aufstieg in die Junioren-Bezirksoberliga, Gewinn des fr\u00fcheren Pittroff-Pokals (Jugend-Kreispokal)<\/li>\n<\/ul>\n<p><strong>Das Vereinswappen der SpVgg<\/strong><\/p>\n<p>(entnommen aus: <em>Im Zeichen der Krone, 5. April 2009)<\/em><strong><br \/>\n<\/strong><\/p>\n<p>Seit Anfang 2009 verwendet die SpVgg ein Vereinswappen, das vielen auf den ersten Blick nicht vertraut erscheint. Doch der Schritt zum &#8222;neuen&#8220; Logo, das nach und nach Briefkopf, Trikots und Sportanlagen zieren soll, hat nichts mit dem Marketinggebaren von Profivereinen gemein, die neuerdings ihre Vereinsinsignien als austauschbare Werbemarken ansehen.<\/p>\n<p>In der Winterpause erhielten die Jugendteams der SpVgg neue Trainingsanz\u00fcge, auf denen das Vereinslogo angebracht werden sollte. Da keine Vorlage existierte, stellten wir uns die Frage: Was ist eigentlich das Wappen der Spielvereinigung? Nach kurzer Recherche war schnell klar: Das bisher verwendete Stadtwappen mit Vereinsnamen ist es definitiv nicht. Es ist fr\u00fchestens seit den 1980er Jahren in Gebrauch. Das erste Wappen, das der Verein SpVgg Goldkronach nach dem Zusammenschluss des SV Vorw\u00e4rts mit dem Sportverein Brandholz f\u00fchrte, sieht anders aus: Eine goldene Krone, umringt vom Schriftzug des Vereinsnamens. In alten Vereinsb\u00fcchern aus den 1950er Jahren findet nur dieses Wappen Verwendung.<\/p>\n<p>Die B\u00fccher wurden eingescannt, die Wappen digitalisiert. Alles unter der Vorgabe: Das neue, alte Logo muss sich auch problemlos auf Trikots und Trainingsanz\u00fcge drucken lassen und gewisse optische Anspr\u00fcche erf\u00fcllen. Au\u00dferdem musste es sich nat\u00fcrlich an den alten Vereinswappen orientieren. Im Zuge dieser Arbeit wurden ganz nebenbei auch ein neuer, einheitlicher Stil f\u00fcr den Schriftverkehr des Vereins und eine Richtlinie f\u00fcr neue Trikots\u00e4tze gestaltet. In kurzer Frist werden die Jugendlichen das urspr\u00fcngliche SpVgg-Wappen schon auf ihren Anz\u00fcgen tragen. Sp\u00e4testens wenn der n\u00e4chste Sponsor einen neuen Trikotsatz spendiert, wird auch unsere Erste endlich mit dem Wappen der Spielvereinigung auf der Brust auflaufen &#8211; und zwar mit dem richtigen.<\/p>\n<div id=\"attachment_296\" style=\"width: 160px\" class=\"wp-caption alignleft\"><img loading=\"lazy\" decoding=\"async\" aria-describedby=\"caption-attachment-296\" class=\"size-full wp-image-296\" title=\"Wappen 1946\" src=\"https:\/\/spvgg-goldkronach.com\/1946\/wp-content\/uploads\/2011\/09\/wappen_19461.png\" alt=\"Wappen 1946\" width=\"150\" height=\"150\" \/><p id=\"caption-attachment-296\" class=\"wp-caption-text\">1946 (Vereinsbuch)<\/p><\/div>\n<div id=\"attachment_295\" style=\"width: 160px\" class=\"wp-caption alignleft\"><img loading=\"lazy\" decoding=\"async\" aria-describedby=\"caption-attachment-295\" class=\"size-full wp-image-295\" title=\"Wappen 1950er\" src=\"https:\/\/spvgg-goldkronach.com\/1946\/wp-content\/uploads\/2011\/09\/wappen_50er_1.png\" alt=\"Wappen 1950er\" width=\"150\" height=\"150\" \/><p id=\"caption-attachment-295\" class=\"wp-caption-text\">1950er (Vereinsbuch)<\/p><\/div>\n<div id=\"attachment_297\" style=\"width: 160px\" class=\"wp-caption alignleft\"><img loading=\"lazy\" decoding=\"async\" aria-describedby=\"caption-attachment-297\" class=\"size-full wp-image-297\" title=\"Wappen 1950er\" src=\"https:\/\/spvgg-goldkronach.com\/1946\/wp-content\/uploads\/2011\/09\/wappen_50er_2.png\" alt=\"Wappen 1950er\" width=\"150\" height=\"150\" \/><p id=\"caption-attachment-297\" class=\"wp-caption-text\">1950er (Vereinsbuch)<\/p><\/div>\n<div id=\"attachment_298\" style=\"width: 160px\" class=\"wp-caption alignleft\"><img loading=\"lazy\" decoding=\"async\" aria-describedby=\"caption-attachment-298\" class=\"size-full wp-image-298\" title=\"Wappen 1960er\" src=\"https:\/\/spvgg-goldkronach.com\/1946\/wp-content\/uploads\/2011\/09\/wappen_60er.png\" alt=\"Wappen 1960er\" width=\"150\" height=\"150\" \/><p id=\"caption-attachment-298\" class=\"wp-caption-text\">1960er (Briefkopf)<\/p><\/div>\n<p>&nbsp;<\/p>\n<div id=\"attachment_299\" style=\"width: 160px\" class=\"wp-caption alignleft\"><img loading=\"lazy\" decoding=\"async\" aria-describedby=\"caption-attachment-299\" class=\"size-full wp-image-299\" title=\"Wappen 1980er\" src=\"https:\/\/spvgg-goldkronach.com\/1946\/wp-content\/uploads\/2011\/09\/wappen_80er.png\" alt=\"Wappen 1980er\" width=\"150\" height=\"150\" \/><p id=\"caption-attachment-299\" class=\"wp-caption-text\">1980er (Aufkleber)<\/p><\/div>\n<p>&nbsp;<\/p>\n<div id=\"attachment_300\" style=\"width: 160px\" class=\"wp-caption alignleft\"><img loading=\"lazy\" decoding=\"async\" aria-describedby=\"caption-attachment-300\" class=\"size-full wp-image-300\" title=\"Wappen 1990er\" src=\"https:\/\/spvgg-goldkronach.com\/1946\/wp-content\/uploads\/2011\/09\/wappen_90er.png\" alt=\"Wappen 1990er\" width=\"150\" height=\"150\" \/><p id=\"caption-attachment-300\" class=\"wp-caption-text\">1990er<\/p><\/div>\n<p>&nbsp;<\/p>\n<div id=\"attachment_301\" style=\"width: 160px\" class=\"wp-caption alignleft\"><img loading=\"lazy\" decoding=\"async\" aria-describedby=\"caption-attachment-301\" class=\"size-full wp-image-301\" title=\"Wappen 2009\" src=\"https:\/\/spvgg-goldkronach.com\/1946\/wp-content\/uploads\/2011\/09\/wappen_2009.png\" alt=\"Wappen 2009\" width=\"150\" height=\"150\" \/><p id=\"caption-attachment-301\" class=\"wp-caption-text\">seit 2009<\/p><\/div>\n<p>&nbsp;<\/p>\n<p>&nbsp;<\/p>\n","protected":false},"excerpt":{"rendered":"<p>Ende des 19. Jahrhunderts hielt der Fu\u00dfball in Kontinentaleuropa Einzug, der Arbeitersport erfreute sich gro\u00dfen Zuspruchs. Nach Ende des Ersten Weltkriegs kam es auch in Goldkronach zur Gr\u00fcndung des Arbeiter-Turn- und Sportvereins Vorw\u00e4rts Goldkronach. Die Spielvereinigung sieht sich heute in der Tradition dieses ersten Zusammenschlusses aktiver Sportler in Goldkronach. Spiegel gesellschaftlicher Entwicklungen Auch in Goldkronach [&hellip;]<\/p>\n","protected":false},"author":1,"featured_media":0,"parent":0,"menu_order":0,"comment_status":"closed","ping_status":"closed","template":"","meta":{"footnotes":""},"class_list":["post-115","page","type-page","status-publish","hentry"],"_links":{"self":[{"href":"https:\/\/spvgg-goldkronach.com\/1946\/wp-json\/wp\/v2\/pages\/115","targetHints":{"allow":["GET"]}}],"collection":[{"href":"https:\/\/spvgg-goldkronach.com\/1946\/wp-json\/wp\/v2\/pages"}],"about":[{"href":"https:\/\/spvgg-goldkronach.com\/1946\/wp-json\/wp\/v2\/types\/page"}],"author":[{"embeddable":true,"href":"https:\/\/spvgg-goldkronach.com\/1946\/wp-json\/wp\/v2\/users\/1"}],"replies":[{"embeddable":true,"href":"https:\/\/spvgg-goldkronach.com\/1946\/wp-json\/wp\/v2\/comments?post=115"}],"version-history":[{"count":31,"href":"https:\/\/spvgg-goldkronach.com\/1946\/wp-json\/wp\/v2\/pages\/115\/revisions"}],"predecessor-version":[{"id":8017,"href":"https:\/\/spvgg-goldkronach.com\/1946\/wp-json\/wp\/v2\/pages\/115\/revisions\/8017"}],"wp:attachment":[{"href":"https:\/\/spvgg-goldkronach.com\/1946\/wp-json\/wp\/v2\/media?parent=115"}],"curies":[{"name":"wp","href":"https:\/\/api.w.org\/{rel}","templated":true}]}}